Let p(h) = -20*h**3 + 35*h**2 - 31*h - 29. Let a(c) = 9*c**3 - 17*c**2 + 15*c + 14. Let o(i) = 9*a(i) + 4*p(i). Determine o(12).
-2
Let g = 21 - 20. Let p(m) = 1 - 34*m**3 + 12*m**3 - 2*m + m. Determine p(g).
-22
Let y = 4 + -1. Let l(n) = -1. Let s(i) = 7*i + 10*i - 21*i + 8. Let g(z) = -4*l(z) - s(z). Give g(y).
8
Let c(t) = 0*t**2 - 7*t**2 + 7 - 6*t**3 + 6*t - t**3 + 8*t**3. Calculate c(6).
7
Let s(p) = -p**2 + 8*p - 6. Let w(f) = -f**3 + f**2 + 7*f + 7. Let q be w(0). Calculate s(q).
1
Suppose -f = -10 + 13. Let c(a) be the first derivative of -a**3/3 - 7*a**2/2 - 3*a + 8. Calculate c(f).
9
Let x(h) = -h**3 + 2*h**2 - 1. Suppose 4*q = -5*c - 1 - 20, 12 = -3*q. Calculate x(c).
2
Let k(t) = -t**2 - 7*t - 5. Suppose 1056 = -11*n + 1001. Give k(n).
5
Let k(a) be the second derivative of -a**4/24 - 2*a**3/3 - a**2/2 - 9*a. Let z(b) be the first derivative of k(b). Let f = -1 - -1. Determine z(f).
-4
Let z(x) = -2*x - 11. Let v(k) = k + 6. Let r(p) = 5*v(p) + 2*z(p). Let g(s) = -s - 3. Suppose -6*j = -16*j - 30. Let y be g(j). What is r(y)?
8
Let u(k) be the second derivative of -k**4/24 + k**3/3 - 6*k**2 - 12*k. Let i(h) be the first derivative of u(h). What is i(-2)?
4
Suppose 5*a + 3*c = 22, 3*a - 374 = -c - 360. Let z(s) = 2*s - 6. Let g(n) = 2*n - 6. Let w(i) = -5*g(i) + 6*z(i). What is w(a)?
4
Let z = -31 - -37. Let u be z*(4 + 14/(-6)). Let f(t) = 0 + 1 + 2*t + u*t**2 + 0*t - 3*t. Determine f(1).
10
Let a(u) = u + 2. Let l(m) = -3*m**2 - 5*m - 6. Let q(i) = 4*a(i) + l(i). Calculate q(-3).
-22
Let u(o) = o - 4 - 2*o + 3 + 2*o. Suppose 4*y = 5*f + 32, 35 = 5*y - 7*f + 2*f. Calculate u(y).
2
Let u(d) = 0*d - 131946 + 5*d - 2*d + 131941. Let p(t) = t**3 - 2*t**2 + 3*t - 1. Let v be p(2). Give u(v).
10
Let r(w) = -9 - 12 + 12 + 10 + 0*w + 2*w**2 - w. Determine r(1).
2
Let k(q) = -6*q + 5. Let z be (3/(-6))/(5/40). Let h(d) = -2*d + 2. Let g(a) = z*k(a) + 11*h(a). What is g(-3)?
-4
Let u(q) = 6*q**2 - 9. Let o(w) = 7*w**2 - w - 10. Let a(f) = -5*o(f) + 6*u(f). Let m = -23 - -17. Determine a(m).
2
Let u(i) = 27*i - 31. Let n(o) = -50*o + 63. Let v(a) = 6*n(a) + 11*u(a). What is v(14)?
-5
Suppose 1 = 3*w - x + 3*x, w = 3*x + 15. Suppose w*c = 14 - 5. Let a(f) = f**2 + 8*f + 8 - 4*f - c. Determine a(-5).
10
Suppose 154 = 15*x - 4*x. Suppose 7*l + x = -21. Let d(h) = h**2 + 6*h + 4. Give d(l).
-1
Let g(i) = i**2 + 3*i - 2. Let y be g(2). Let r = 11 - y. Let w(o) = -4 - 1 + o - r. Give w(0).
-8
Let h(v) = -3*v**3 - 7*v**2 + 7. Let p(q) = -q**2 + 2*q - 3. Let i(u) = -2*u**2 + 3*u - 4. Let f(s) = -2*i(s) + 3*p(s). Let n(x) = 6*f(x) + h(x). Give n(1).
-3
Let o(s) be the first derivative of -1 - 1/3*s**3 - s - 1/2*s**2. Suppose x - 5*x - 8 = 0. Determine o(x).
-3
Let c(r) be the first derivative of r**4/4 - 2*r**3 - 5*r**2 + 8*r + 44. Suppose 0 = -4*x + 28 - 0. Calculate c(x).
-13
Let m(t) = -12*t - 9*t + 8*t + 7*t + 28 + 48. Give m(14).
-8
Let p be 58/(-8) + (-2025)/300 + 5/1. Let n(d) = -d**3 + 6 - 9*d**2 + 2*d**2 - 3*d**2 - 8*d. Give n(p).
-3
Let y(z) be the first derivative of 4*z**2 - 8/3*z**3 + 17 + 2*z + 1/4*z**4. Determine y(6).
-22
Let u = 137 - 133. Suppose -2*z - h - 12 = -u*z, -31 = -5*z + 3*h. Let b(v) be the second derivative of v**3/6 + 2*v. Determine b(z).
5
Let m = 12 + -20. Let s(c) = -8 + 33578*c + c**3 - 8*c**2 - 2*c**3 - 33580*c. What is s(m)?
8
Let v = 8 + -4. Let f(k) be the third derivative of k**4/12 - k**3/3 - 3369*k**2. Calculate f(v).
6
Let x(a) = a**2 - 3. Suppose 2*l + 80 - 88 = 0. Let s be 6 - (0 + 12/l). Determine x(s).
6
Let f(d) = d**2 - d + 1. Let l be 1/(-2)*(0 + -2). Let j be f(l). Let p(a) = -17*a - 14*a + 30*a. Determine p(j).
-1
Let v(m) = 3*m - 2. Let s = 62 + -58. What is v(s)?
10
Let p(b) = -b**3 - 12*b + 34*b - 7*b**2 - 1 - 2 - 16*b + 0*b**3. What is p(-7)?
-45
Let j(v) = 57*v**2 - 64*v**2 - 4 - v**3 + v - 9*v. Let z(k) = k - 2. Let a be z(-4). Give j(a).
8
Suppose -3*r = v + 14, 19*v = 16*v - 2*r - 14. Let l(x) = -3*x + 4. What is l(v)?
10
Let c(v) = 88*v - 3*v**2 + 8 - 59*v + 8*v**2. Let i(q) = -2*q**2 - 10*q - 3. Let j(o) = 3*c(o) + 8*i(o). Determine j(6).
6
Let g(b) be the first derivative of b**4/4 - 5*b**3/3 - 3*b**2 + 3*b + 2. Let v be (28/(-16))/(1 + 5/(-4)). Let k be v - (0 - 2)*(-4)/8. What is g(k)?
3
Suppose -11*w = -3*w - 56. Let t = -14 - -24. Let z = t - w. Let l(c) = 2*c**2 - 4*c + 1. Give l(z).
7
Let m(h) be the third derivative of h**5/12 - 5*h**4/12 - 2*h**3/3 + h**2. Let s(i) = 4 + 5*i - 6*i - 4*i**2 + 10*i. Let w(f) = -5*m(f) - 6*s(f). Give w(-4).
-4
Let t(k) be the third derivative of -k**4/24 - k**3/3 + 119*k**2. Calculate t(-4).
2
Let n(b) = 2*b**2 + 4*b + 2. Let u be -1 + (2 + -2 - -1). Suppose -t - 2 = -5. Let s be t/3*(u - 2). What is n(s)?
2
Let n be ((0/(-8 + 4))/1)/(-2). Let p(q) be the third derivative of 1/15*q**5 + 0 + n*q + 1/12*q**4 + 1/6*q**3 + 8*q**2. Calculate p(-1).
3
Let h(v) = 11*v**2 + 5*v + 6. Let w(y) = -4*y**2 - 2*y - 2. Suppose -f = 4*p - 0*p + 19, -2*f - 2*p = 14. Let m(g) = f*h(g) - 8*w(g). Give m(3).
-8
Suppose 4*u + u = 35. Let q(b) = -b**3 + 6*b**2 + 7*b + 4. Let m be q(u). Suppose 2*w + m*l - 12 = 6*w, 0 = -5*w - l + 15. Let c(o) = -2*o + 1. What is c(w)?
-3
Let j(b) = 2*b**3 - 83*b**2 + 42*b - 37. Let c be j(41). Let r(v) = 4*v - 1. What is r(c)?
15
Let o be (-9)/(-2) - 1/(-2). Suppose -o*d + 4 = -4*d + q, 7 = -5*d + 4*q. Let p(z) = -1 - 55*z + 32*z + 19*z. Determine p(d).
-5
Let a(o) be the third derivative of -13*o**2 + 0*o + 2/3*o**3 - 1/60*o**5 - 1/8*o**4 + 0. What is a(-5)?
-6
Let j(y) = y + 2. Let k(z) = 2*z**2 + 68*z + 56. Let h be k(-33). Give j(h).
-8
Let x(r) = r**3 - 8*r**2 + 9*r - 7. Let m = -46 + 89. Suppose -3*k + 37 = 4*a, m + 5 = 4*k + 5*a. Determine x(k).
7
Let y(d) = -5*d - 10. Suppose -2*m + j = -1, -5*m = 9*j - 10*j - 1. Give y(m).
-10
Let m(g) = g**2 - 8. Let f(i) = i**2 + 2*i - 7. Let l(x) = 3*f(x) - 4*m(x). What is l(8)?
-5
Let w(c) = c - 31. Let m(v) = 2*v - 47. Let f be m(29). Calculate w(f).
-20
Let u(k) = -k**3 - k**2 - k - 1. Let v(i) = -i**2 - 4*i + 5. Let t(n) = u(n) + v(n). Let q be t(0). Let y(m) = -2*m**2 + 2*m - 3. Calculate y(q).
-27
Let z(o) = -o + 6. Suppose 42 = -3*r - 54. Let l = -27 - r. Calculate z(l).
1
Let q(x) be the first derivative of x**3/3 + 2*x**2 + 3*x - 33. Let n be (-2)/(-2 - 5/(-2)). Calculate q(n).
3
Let z(t) = -t**3 - 7*t**2 - 11*t - 11. Suppose -5*y + 4*j - 9 = 0, 4*y - 23 = -2*j - 51. What is z(y)?
-6
Let s(m) be the first derivative of 0*m + 2 - 1/2*m**2 + m**3 + 1/60*m**5 + 1/6*m**4. Let y(g) be the second derivative of s(g). Calculate y(-4).
6
Let x(w) be the second derivative of w**4/12 - w**3/3 - w**2 + w. Let s(r) = -r**2 + 22*r + 102. Let o be s(-4). What is x(o)?
6
Let j(p) be the second derivative of p**4/12 - p**3/6 - 364*p. Give j(2).
2
Suppose -16*b + 30 = -6*b. Suppose 27 = -4*p - y, 3*y = -0*p + p - b. Let h(c) = c**2 + 7*c - 3. Give h(p).
-9
Let d(k) = 2*k + 6. Suppose 17*u - 528 = -49*u. What is d(u)?
22
Let f(u) be the third derivative of u**5/15 + u**4/12 - 2*u**3/3 - 3*u**2. Let k(d) = -5*d**2 - 3*d + 5. Let b(m) = -6*f(m) - 5*k(m). Calculate b(-3).
-1
Let j(d) be the second derivative of 37*d + 1/2*d**2 + 0 + 1/12*d**4 + 1/2*d**3. Calculate j(-4).
5
Let f(x) = -3*x**2 + 6*x - 15. Let b be f(3). Let j = b - -18. Let z(o) = -o**2 - 6*o - 2. Give z(j).
-2
Let y(n) = -112*n + 797. Let i be y(7). Let g(r) = -3*r + 32. Calculate g(i).
-7
Let s(i) = 1. Let v(j) = j**3 - 2*j**2 - 4*j + 4. Let o be v(3). Let w(r) = r + 4. Let f(d) = o*w(d) - 3*s(d). Let u(q) = q. Let y be u(-3). Give f(y).
-2
Let d = -291 - -287. Let q(t) = 3*t - 4. What is q(d)?
-16
Let p(j) = -j**3 + 9*j**2 + 10*j + 1. Let w be p(10). Let c(x) = -w - 5*x**2 - x + 2*x**2 + 2*x - 4*x**2. Determine c(1).
-7
Let y(a) = 2*a - 4. Let s(o) = 2*o**2 + 75*o + 32. Let p be s(-37). What is y(p)?
-14
Let q(h) be the third derivative of h**4/12 - 5*h**3/6 + h**2. Let m = 102 - 106. Determine q(m).
-13
Let j(i) = -30*i. Let f = -723 - -724. Determine j(f).
-30
Let i = -9 + 18. Let f = 12 - i. Let d(p) = -4*p**3 + 6*p**2 + 3*p**f + 0*p**2 + 4. Give d(6).
4
Let a(p) = -p**2 + 12*p + 218. Let o be a(-10). Let f(u) = 2*u**3 + u + 4. What is f(o)?
-14
Let y(l) = l**3 + 10*l**2 + 57*l - 17. Let c(b) = b**3 + 10*b**2 + 52*b - 16. Let j(w) 